{"id":303,"date":"2021-04-11T19:05:52","date_gmt":"2021-04-11T17:05:52","guid":{"rendered":"http:\/\/nathalie-bideau.fr\/?page_id=303"},"modified":"2024-03-03T16:06:13","modified_gmt":"2024-03-03T15:06:13","slug":"osteopathie","status":"publish","type":"page","link":"https:\/\/nathalie-bideau.fr\/?page_id=303","title":{"rendered":"Ost\u00e9opathie"},"content":{"rendered":"\n<p><mark style=\"background-color:rgba(0, 0, 0, 0)\" class=\"has-inline-color has-vivid-red-color\">TECHNIQUES ARTICULAIRES ET VISC\u00c9RALES<\/mark> afin d&rsquo;harmoniser  le corps soumis \u00e0 des l\u00e9sions ost\u00e9opathiques.<\/p>\n\n\n\n<p>L&rsquo;ost\u00e9opathie , cette technique s&rsquo;adresse aux personnes qui pr\u00e9sentent une g\u00eane ou un blocage li\u00e9 \u00e0 des mouvements g\u00e9n\u00e9raux (vie quotidienne) ou sp\u00e9cifiques (travail sport); les probl\u00e8mes de limitation peuvent \u00eatre de simples l\u00e9sions ost\u00e9opathiques, le corps a d\u00e9velopp\u00e9 une syst\u00e8me de protection pour \u00e9viter une l\u00e9sion plus grave mais reste \u00ab\u00a0bloqu\u00e9\u00a0\u00bb, et cela peut survenir dans le cadre de l\u00e9sions structurelles (arthrose, entorses, autres pathologies) ce qui implique de prendre en charge ces donn\u00e9es compl\u00e9mentaires.<\/p>\n\n\n\n<p>Pour rappel il n&rsquo;existe pas de d\u00e9placement d&rsquo;une vert\u00e8bre ou de toute autre articulation, pas de nerfs qui sautent, pas de d\u00e9chirure,  mais le syst\u00e8me proprioceptif re\u00e7oit une information pour bloquer la zone impliqu\u00e9e dans un geste per\u00e7u comme dangereux.<\/p>\n\n\n\n<p>L\u2019ost\u00e9opathie visc\u00e9rale consiste  \u00e0 travailler par des man\u0153uvres sur les organes et notamment \u00e0 travailler le cadre intestinal avec techniques respiratoires associ\u00e9es  (colon irritable, constipation etc..)avec des conseils li\u00e9s \u00e0) l&rsquo;alimentation pour corriger les erreurs.<\/p>\n\n\n\n<p>Il convient de savoir rep\u00e9rer des blocages d&rsquo;origine \u00e9motionnelle, le corps exprime des difficult\u00e9s existentielles li\u00e9es aux \u00e9preuves de la vie.<\/p>\n\n\n\n<p>L&rsquo;int\u00e9r\u00eat est alors d&rsquo;aller vers un l\u00e2cher prise g\u00e9n\u00e9ral.<\/p>\n\n\n\n<p>Tarif: 55 euros<\/p>\n\n\n<div class=\"wp-block-image\">\n<figure class=\"aligncenter size-full is-resized\"><img loading=\"lazy\" decoding=\"async\" width=\"283\" height=\"174\" src=\"http:\/\/nathalie-bideau.fr\/wp-content\/uploads\/2024\/01\/osteo-1.jpg\" alt=\"\" class=\"wp-image-416\" style=\"aspect-ratio:1.6264367816091954;width:495px;height:auto\" srcset=\"https:\/\/nathalie-bideau.fr\/wp-content\/uploads\/2024\/01\/osteo-1.jpg 283w, https:\/\/nathalie-bideau.fr\/wp-content\/uploads\/2024\/01\/osteo-1-98x60.jpg 98w\" sizes=\"(max-width: 283px) 100vw, 283px\" \/><\/figure><\/div>","protected":false},"excerpt":{"rendered":"<p>TECHNIQUES ARTICULAIRES ET VISC\u00c9RALES afin d&rsquo;harmoniser le corps soumis \u00e0 des l\u00e9sions ost\u00e9opathiques. L&rsquo;ost\u00e9opathie , cette technique s&rsquo;adresse aux personnes qui pr\u00e9sentent une g\u00eane ou un blocage li\u00e9 \u00e0 des &hellip; <\/p>\n","protected":false},"author":1,"featured_media":0,"parent":0,"menu_order":0,"comment_status":"closed","ping_status":"closed","template":"","meta":{"footnotes":""},"_links":{"self":[{"href":"https:\/\/nathalie-bideau.fr\/index.php?rest_route=\/wp\/v2\/pages\/303"}],"collection":[{"href":"https:\/\/nathalie-bideau.fr\/index.php?rest_route=\/wp\/v2\/pages"}],"about":[{"href":"https:\/\/nathalie-bideau.fr\/index.php?rest_route=\/wp\/v2\/types\/page"}],"author":[{"embeddable":true,"href":"https:\/\/nathalie-bideau.fr\/index.php?rest_route=\/wp\/v2\/users\/1"}],"replies":[{"embeddable":true,"href":"https:\/\/nathalie-bideau.fr\/index.php?rest_route=%2Fwp%2Fv2%2Fcomments&post=303"}],"version-history":[{"count":9,"href":"https:\/\/nathalie-bideau.fr\/index.php?rest_route=\/wp\/v2\/pages\/303\/revisions"}],"predecessor-version":[{"id":471,"href":"https:\/\/nathalie-bideau.fr\/index.php?rest_route=\/wp\/v2\/pages\/303\/revisions\/471"}],"wp:attachment":[{"href":"https:\/\/nathalie-bideau.fr\/index.php?rest_route=%2Fwp%2Fv2%2Fmedia&parent=303"}],"curies":[{"name":"wp","href":"https:\/\/api.w.org\/{rel}","templated":true}]}}