{"id":118,"date":"2019-08-21T06:13:35","date_gmt":"2019-08-21T06:13:35","guid":{"rendered":"http:\/\/0.0.0.0:8080\/?page_id=118"},"modified":"2025-11-30T16:22:46","modified_gmt":"2025-11-30T15:22:46","slug":"qui-suis-je","status":"publish","type":"page","link":"https:\/\/nathalie-bideau.fr\/?page_id=118","title":{"rendered":"Qui suis-je ?"},"content":{"rendered":"\n<p><\/p>\n\n\n\n<p><strong>Nathalie Bideau<\/strong> :<\/p>\n\n\n\n<p> Je suis \u00e0 la base kin\u00e9sith\u00e9rapeute , m\u00e9tier pratiqu\u00e9 de longue date et qui m&rsquo;a permis d&rsquo;explorer bien des chemins li\u00e9s \u00e0 la sant\u00e9&nbsp;: certains se sont av\u00e9r\u00e9s \u00eatre des impasses, d&rsquo;autres ont permis d&rsquo;engranger un savoir qu&rsquo;il a fallu int\u00e9grer pour le restituer avec authenticit\u00e9 et intelligence, gr\u00e2ce \u00e0 une transmutation n\u00e9cessaire et fondamentale.  <\/p>\n\n\n\n<p>Le rapport au corps est pour tout individu unique et fond\u00e9 sur son exp\u00e9rience de vie, son rapport au monde \u00e0 la vie avec des fronti\u00e8res plus ou moins bien \u00e9tablies sur un plan \u00e9motionnel, psychique et physique, des failles, des comp\u00e9tences connues ou en jach\u00e8re. Le rapport \u00e0 la douleur, \u00e0 son sch\u00e9ma corporel, \u00e0 sa forme peut \u00e9voluer et se reconstruire.<\/p>\n\n\n\n<p>Le lien avec l&rsquo;alimentation, le mouvement, la posture, la pratique d&rsquo;une activit\u00e9 physique s&rsquo;impose et peut faire l&rsquo;objet d&rsquo;un travail sp\u00e9cifique.<\/p>\n\n\n\n<p><strong>Les massages propos\u00e9s ont un sens et les techniques appliqu\u00e9es sont r\u00e9fl\u00e9chies et adapt\u00e9es \u00e0 la personne, son temp\u00e9rament, sa constitution et son \u00e9tat moral et physique au moment du RDV; Il n&rsquo;y a pas  de place pour des man\u0153uvres automatis\u00e9es et qui ne soient pas habit\u00e9es. <\/strong><\/p>\n\n\n\n<p>Continuer \u00e0 se former est n\u00e9cessaire pour ne pas \u00eatre dans une routine et se confronter \u00e0 d&rsquo;autres fa\u00e7ons de pratiquer.<\/p>\n\n\n\n<p><strong>Dipl\u00f4mes :<\/strong><\/p>\n\n\n\n<p>DE de kin\u00e9sith\u00e9rapie<br>Doctorat en ost\u00e9opathie<br>Master sp\u00e9cialiste en sophrologie cayc\u00e9dienne<br>Ma\u00eetre en hypnose \u00e9ricksonnienne<br>Formations certifiantes sur les techniques de massages<\/p>\n","protected":false},"excerpt":{"rendered":"<p>Nathalie Bideau : Je suis \u00e0 la base kin\u00e9sith\u00e9rapeute , m\u00e9tier pratiqu\u00e9 de longue date et qui m&rsquo;a permis d&rsquo;explorer bien des chemins li\u00e9s \u00e0 la sant\u00e9&nbsp;: certains se sont &hellip; <\/p>\n","protected":false},"author":1,"featured_media":180,"parent":0,"menu_order":0,"comment_status":"closed","ping_status":"closed","template":"","meta":{"footnotes":""},"_links":{"self":[{"href":"https:\/\/nathalie-bideau.fr\/index.php?rest_route=\/wp\/v2\/pages\/118"}],"collection":[{"href":"https:\/\/nathalie-bideau.fr\/index.php?rest_route=\/wp\/v2\/pages"}],"about":[{"href":"https:\/\/nathalie-bideau.fr\/index.php?rest_route=\/wp\/v2\/types\/page"}],"author":[{"embeddable":true,"href":"https:\/\/nathalie-bideau.fr\/index.php?rest_route=\/wp\/v2\/users\/1"}],"replies":[{"embeddable":true,"href":"https:\/\/nathalie-bideau.fr\/index.php?rest_route=%2Fwp%2Fv2%2Fcomments&post=118"}],"version-history":[{"count":5,"href":"https:\/\/nathalie-bideau.fr\/index.php?rest_route=\/wp\/v2\/pages\/118\/revisions"}],"predecessor-version":[{"id":564,"href":"https:\/\/nathalie-bideau.fr\/index.php?rest_route=\/wp\/v2\/pages\/118\/revisions\/564"}],"wp:featuredmedia":[{"embeddable":true,"href":"https:\/\/nathalie-bideau.fr\/index.php?rest_route=\/wp\/v2\/media\/180"}],"wp:attachment":[{"href":"https:\/\/nathalie-bideau.fr\/index.php?rest_route=%2Fwp%2Fv2%2Fmedia&parent=118"}],"curies":[{"name":"wp","href":"https:\/\/api.w.org\/{rel}","templated":true}]}}